32. Let x be j(0). What is the greatest common factor of x and 8?
8
Let g(h) = -h**3 + 8*h**2 + 8*h + 14. Let i be g(9). What is the greatest common factor of i and 5?
5
Suppose 7*f - 9 = 19. What is the highest common factor of 2 and f?
2
Let s = 5 + 9. Let u = -13 + 48. What is the greatest common factor of u and s?
7
Suppose 8*c = -6*c + 980. Calculate the highest common divisor of c and 14.
14
Let j(y) = y**3 + 5*y**2 + 4. Let w be j(-5). Let l(t) = -t**2 - 7*t + 3. Let q be l(-9). Let x = q + 25. What is the greatest common divisor of x and w?
2
Let z = 52 + -8. What is the highest common divisor of 66 and z?
22
Let y = -222 - -349. Suppose 5*t + 2*s = y, -s + 5*s = -4*t + 92. Suppose p + 2*p - t = 0. Calculate the highest common divisor of 63 and p.
9
Let u(d) = -d**3 - 5*d**2 - 5*d + 2. Let c be u(-4). Let q be 2 + (-23)/(-1) + -1. What is the highest common divisor of c and q?
6
Let b(y) = -y + 25. Let c be b(19). What is the greatest common divisor of 96 and c?
6
Suppose k + 4*v = -10, 6*v + 75 = 5*k + v. Suppose 3*u - 29 - 325 = 0. Let t = u + -68. Calculate the highest common factor of k and t.
10
Let r be 1 + (1 - -13)/2. Calculate the highest common factor of 4 and r.
4
Let m(n) = 3*n**2 - n - 6. Suppose -6*v - 1 = -19. Let o be m(v). Let u = 7 - 1. Calculate the greatest common factor of u and o.
6
Suppose 4*t - 2*j = -7*j + 185, 0 = 5*j - 5. Calculate the highest common factor of 5 and t.
5
Suppose -2*u - 125 = -7*u. Let n = 58 - u. What is the highest common divisor of n and 22?
11
Suppose -56 + 156 = 4*p. What is the highest common divisor of p and 5?
5
Let z(q) = -q**3 + 3*q**2 + 5*q - 2. Let o be z(4). Suppose 4*i = -20, -2*b - o*b - 5*i = 273. Let n = b + 94. What is the highest common divisor of n and 80?
16
Suppose -z = 3*z - 84. Let n = z - -42. What is the greatest common divisor of n and 9?
9
Let z(k) = -10*k + 2. Let u be z(-9). Suppose -3*o + 76 = -u. Let c be (-6)/21 - (-51)/7. Calculate the highest common factor of o and c.
7
Suppose -3*l + 37 = 4*i, l + i = -2*l + 52. Suppose g = 2*g + 1. Let a be ((-38)/5)/(g/10). What is the greatest common factor of l and a?
19
Let w(s) be the first derivative of 0 - 5*s + 0*s**2 - 2*s**2 + s + 3. Let k be w(-4). What is the greatest common divisor of 8 and k?
4
Suppose -3*w + 4*j = -76, w - 4*j = -2*j + 22. What is the greatest common divisor of 4 and w?
4
Let x = 6 + 14. Let n be (-768)/(-10) - (-4)/x. Calculate the highest common factor of 7 and n.
7
Suppose -x - 5*i = -2*x - 8, 6 = 3*x - 5*i. What is the highest common factor of 56 and x?
7
Let j be 3/9 - (-16)/6. Suppose -2*r + j*i = 8, -5*r = -i - 4*i + 10. Let y be (19 + r)*7/3. Calculate the greatest common divisor of 7 and y.
7
Let m be ((36/2)/(-1))/(-1). Let l(q) = -q + 14. Let p be l(4). Suppose 5*d = 3*d + 2*a + p, 2*d + m = -5*a. Calculate the greatest common divisor of d and 4.
1
Let z = -4 + 4. Suppose -o + 4*o = z. Suppose d + 4*q + 12 = o, 0*d - 3*q = 2*d - 1. Calculate the highest common factor of 8 and d.
8
Suppose 4*v + 5*l = 30, 5*l = 6*v - 3*v - 5. Let z be 2/(-4)*-2*11. Let h = z - v. What is the greatest common factor of 15 and h?
3
Let c = 5 + -4. Let d(w) = 21*w**3 + w**2 + w - 1. Let p be d(c). Let j be ((-4)/(-2))/(2/p). Calculate the greatest common divisor of 55 and j.
11
Suppose a + 150 = -2*a. Let i be -2 + 2 + a/(-2). Let m = 13 + -8. Calculate the greatest common divisor of i and m.
5
Let w(g) = -g**3 - 8*g**2 - 3*g - 9. Let q be w(-8). What is the greatest common factor of 120 and q?
15
Let r = -43 - -95. What is the highest common factor of 13 and r?
13
Suppose -4*m + 5*v + 131 = 0, 3*m = -0*m - 2*v + 127. Let l(b) = 3*b**2 - 6*b + 2. Let z be l(4). Calculate the highest common factor of z and m.
13
Let d(u) = u**3 + 9*u**2 - 10*u + 14. Let w be d(-10). Let v be (84/(-9))/((-4)/36). What is the greatest common factor of v and w?
14
Suppose -5*c + 85 = -3*j, 0 = 3*c - c - 4*j - 48. Suppose p - 7 = -0. Calculate the greatest common divisor of p and c.
7
Suppose -106 = -2*p + 30. Suppose -4*b - y + 65 = 2*y, 15 = b + 2*y. What is the highest common factor of p and b?
17
Let g(x) = -x - 2. Let d be g(-6). Suppose d*t + 2*j = -4, 0 = 5*t - 0*t + j + 2. Let n be 13 - (0 - -1) - t. What is the greatest common factor of 84 and n?
12
Let o be (18/12)/(6/104). Suppose -54 = -4*a + o. Let g(z) = -z + 10. Let c be g(0). Calculate the highest common factor of a and c.
10
Let k = -187 + 394. Let q = -22 - -45. What is the highest common factor of q and k?
23
Suppose 4 + 0 = 2*a. Let l be (a + -4)/1 + 20. Calculate the greatest common divisor of l and 54.
18
Let b(y) = y - 10. Let d(s) = -11. Let x(k) = 4*b(k) - 3*d(k). Let g be x(5). What is the highest common factor of 91 and g?
13
Let i(w) = w**3 + 14*w**2 - 7*w + 19. Let s be i(-14). What is the highest common factor of 9 and s?
9
Let h = 52 - 26. What is the greatest common divisor of 234 and h?
26
Let h(r) = r**2 - 4*r + 1. Let t(g) = g**2 - 6 - 22*g - 2 + 26*g. Let a be t(-6). Let l be h(a). What is the highest common factor of 2 and l?
1
Suppose 38*o = 41*o - 96. Calculate the highest common factor of 96 and o.
32
Suppose 31 = -7*f + 94. Let k(p) = -2*p**3 + 3*p. Let j be k(-3). Calculate the highest common factor of f and j.
9
Let c be (4*1/6)/(6/135). Calculate the highest common factor of c and 15.
15
Suppose n + 2*c = -2*c + 44, 4*n = 2*c + 104. Let z(t) = 69*t**2 + 2*t - 1. Let o be z(1). What is the highest common factor of o and n?
14
Let z be (44/(-12))/((-1)/90). Suppose -2*q + 546 = 5*i - 5*q, -3*i + 3*q + z = 0. Let m = i - 20. What is the highest common divisor of m and 11?
11
Suppose -4 = 4*w - 40. Calculate the highest common factor of 63 and w.
9
Let u = -308 + 572. What is the greatest common factor of u and 33?
33
Let d(t) be the first derivative of -t**4/4 - 8*t**3/3 - 7*t**2/2 - 11*t - 3. Let b be d(-8). What is the highest common divisor of 15 and b?
15
Let m = 18 - 17. Calculate the greatest common factor of 7 and m.
1
Suppose -g + 2*g - 3 = 0. Let k = g + 3. Suppose 0 = 2*f + f - k. Calculate the highest common factor of f and 14.
2
Suppose 2*s - 3*s - 5*m = 15, 4*m = 3*s + 45. Let q = 15 - s. What is the greatest common factor of 6 and q?
6
Let k(i) = -i**3 + 2*i**2 - 4*i - 1. Let v be k(-3). What is the greatest common factor of 28 and v?
28
Let j(w) = w**2 - w - 4. Let r be j(3). Suppose -r*d = -0*d - 112. What is the greatest common factor of 7 and d?
7
Let o(l) = l**3 - l**2 + l + 13. Let w be o(0). Let g(d) = 3*d**2 - 22*d + 11. Let r be g(10). Calculate the highest common divisor of r and w.
13
Let g be (-384)/(-27) + 2/(-9). Let b = 12 + -8. Suppose -g = -b*t + 130. What is the greatest common divisor of 4 and t?
4
Let f(a) = -13*a**3 - a**2 + 4*a - 3. Let t be f(2). Let v = t + 158. Suppose 0 = 4*r - 13 - 7. Calculate the greatest common factor of r and v.
5
Suppose 3*o + 0*u - 54 = -4*u, 0 = u. What is the greatest common factor of o and 90?
18
Suppose -19*p + 1983 - 102 = 0. Calculate the highest common factor of p and 11.
11
Suppose 9 = 3*c, -3*s + 2*c = -c - 105. Let q = s - 18. What is the highest common factor of q and 200?
20
Let t(v) = v**2 + 5. Let l be t(-5). Let h be 1/((-116)/40 + 3). What is the highest common divisor of h and l?
10
Suppose -18 = -4*t + t. What is the highest common factor of t and 42?
6
Let u = 306 + -178. What is the greatest common divisor of 16 and u?
16
Let s = 95 - 51. Let g be 4/6 - 392/(-6). What is the highest common factor of s and g?
22
Let k = -30 + 114. What is the greatest common divisor of 21 and k?
21
Let w = 12 - -24. What is the highest common factor of 48 and w?
12
Suppose -11 = -3*p - 2. Let o be 3/(-2*2/(-44)). What is the greatest common factor of o and p?
3
Suppose 27*r + 88 = 29*r. What is the greatest common divisor of 110 and r?
22
Let j be (6/(-4))/((-9)/24). What is the greatest common divisor of j and 1?
1
Let t = 15 - 10. Suppose u - 13 = -t. Calculate the highest common divisor of u and 8.
8
Let o(q) = -4*q**3 + q + 2. Let f = -6 + 4. Let k be o(f). What is the highest common factor of k and 4?
4
Let l = 25 - 18. Let y(i) = 26*i - 1. Let w be y(3). What is the highest common divisor of w and l?
7
Suppose -46 + 11 = -5*c. Let h(y) = 29*y - 2. Let f be h(